{"id":42,"date":"2016-06-23T11:43:31","date_gmt":"2016-06-23T11:43:31","guid":{"rendered":"http:\/\/ia.juhl.de\/?page_id=42"},"modified":"2026-08-12T08:45:55","modified_gmt":"2026-08-12T08:45:55","slug":"ingelheim-aktiv-startseite","status":"publish","type":"page","link":"https:\/\/ingelheim-aktiv.com\/","title":{"rendered":"Startseite"},"content":{"rendered":"\n<p><a href=\"https:\/\/ingelheim-aktiv.com\/wp-admin\/edit.php?post_type=page\"><\/a><\/p>\n\n\n<p><img loading=\"lazy\" src=\"https:\/\/ingelheim-aktiv.com\/wp-content\/uploads\/2016\/07\/vos-bahnhof-1.jpg\" sizes=\"(max-width: 1378px) 100vw, 1378px\" srcset=\"https:\/\/ingelheim-aktiv.com\/wp-content\/uploads\/2016\/07\/vos-bahnhof-1.jpg 1378w, https:\/\/ingelheim-aktiv.com\/wp-content\/uploads\/2016\/07\/vos-bahnhof-1-300x200.jpg 300w, https:\/\/ingelheim-aktiv.com\/wp-content\/uploads\/2016\/07\/vos-bahnhof-1-768x511.jpg 768w, https:\/\/ingelheim-aktiv.com\/wp-content\/uploads\/2016\/07\/vos-bahnhof-1-1024x681.jpg 1024w, https:\/\/ingelheim-aktiv.com\/wp-content\/uploads\/2016\/07\/vos-bahnhof-1-750x500.jpg 750w\" alt=\"\" width=\"1378\" height=\"917\" \/><br \/>Ingelheim aktiv ist der Gewerbeverein von Ingelheim. Im Verein sind \u00fcber 100 Einzelh\u00e4ndler und Unternehmen zusammen geschlossen. Ziel des Vereins ist die Belebung der Innenstadt und ein harmonisches Miteinander.<\/p>\n<h2>\u00a0<\/h2>\n<h2>Aktuell<\/h2>\n<p>\u00a0<\/p>\n<h2><strong>N\u00e4chstes Ingelheimer Marktfr\u00fchst\u00fcck am 15.08.<\/strong><\/h2>\n<p><img loading=\"lazy\" class=\"alignnone size-medium wp-image-1204\" src=\"https:\/\/ingelheim-aktiv.com\/wp-content\/uploads\/2026\/08\/IMG-20260622-WA0000-300x225.jpg\" alt=\"\" width=\"300\" height=\"225\" srcset=\"https:\/\/ingelheim-aktiv.com\/wp-content\/uploads\/2026\/08\/IMG-20260622-WA0000-300x225.jpg 300w, https:\/\/ingelheim-aktiv.com\/wp-content\/uploads\/2026\/08\/IMG-20260622-WA0000-1024x768.jpg 1024w, https:\/\/ingelheim-aktiv.com\/wp-content\/uploads\/2026\/08\/IMG-20260622-WA0000-768x576.jpg 768w, https:\/\/ingelheim-aktiv.com\/wp-content\/uploads\/2026\/08\/IMG-20260622-WA0000.jpg 1134w\" sizes=\"(max-width: 300px) 100vw, 300px\" \/><\/p>\n<p>Weitere Infos unter:\u00a0<a href=\"https:\/\/ingelheim-aktiv.com\/?page_id=279\">https:\/\/ingelheim-aktiv.com\/?page_id=279<\/a><\/p>\n<p>\u00a0<\/p>\n<h2><strong>Wein in der City am 13.08.<\/strong><\/h2>\n<p><img loading=\"lazy\" class=\"alignnone size-medium wp-image-1234\" src=\"https:\/\/ingelheim-aktiv.com\/wp-content\/uploads\/2026\/08\/Piffchen-Pass-WeinWalk-300x295.jpg\" alt=\"\" width=\"300\" height=\"295\" srcset=\"https:\/\/ingelheim-aktiv.com\/wp-content\/uploads\/2026\/08\/Piffchen-Pass-WeinWalk-300x295.jpg 300w, https:\/\/ingelheim-aktiv.com\/wp-content\/uploads\/2026\/08\/Piffchen-Pass-WeinWalk-768x754.jpg 768w, https:\/\/ingelheim-aktiv.com\/wp-content\/uploads\/2026\/08\/Piffchen-Pass-WeinWalk.jpg 1020w\" sizes=\"(max-width: 300px) 100vw, 300px\" \/><\/p>\n<p>Weitere Infos unter:\u00a0<a href=\"https:\/\/ingelheim-aktiv.com\/?page_id=279\">https:\/\/ingelheim-aktiv.com\/?page_id=279<\/a><\/p>\n<p>\u00a0<\/p>\n<h2 id=\"block-29813547-dafc-4229-a91e-e3553480a06c\"><strong>Events im August in der Ingelheimer City<\/strong><\/h2>\n<p><img loading=\"lazy\" class=\"alignnone size-medium wp-image-1206\" src=\"https:\/\/ingelheim-aktiv.com\/wp-content\/uploads\/2026\/08\/IMG-20260708-WA0009-1-212x300.jpg\" alt=\"\" width=\"212\" height=\"300\" srcset=\"https:\/\/ingelheim-aktiv.com\/wp-content\/uploads\/2026\/08\/IMG-20260708-WA0009-1-212x300.jpg 212w, https:\/\/ingelheim-aktiv.com\/wp-content\/uploads\/2026\/08\/IMG-20260708-WA0009-1-724x1024.jpg 724w, https:\/\/ingelheim-aktiv.com\/wp-content\/uploads\/2026\/08\/IMG-20260708-WA0009-1-768x1086.jpg 768w, https:\/\/ingelheim-aktiv.com\/wp-content\/uploads\/2026\/08\/IMG-20260708-WA0009-1-1086x1536.jpg 1086w, https:\/\/ingelheim-aktiv.com\/wp-content\/uploads\/2026\/08\/IMG-20260708-WA0009-1.jpg 1414w\" sizes=\"(max-width: 212px) 100vw, 212px\" \/><\/p>\n<p>Weitere Infos unter:\u00a0<a href=\"https:\/\/ingelheim-aktiv.com\/?page_id=279\">https:\/\/ingelheim-aktiv.com\/?page_id=279<\/a><\/p>\n<h2>\u00a0<\/h2>\n<h2 id=\"block-29813547-dafc-4229-a91e-e3553480a06c\"><strong>Events im August in der Ingelheimer City<\/strong><\/h2>\n<p><img loading=\"lazy\" class=\"alignnone size-medium wp-image-1200\" src=\"https:\/\/ingelheim-aktiv.com\/wp-content\/uploads\/2026\/08\/DIN-A4-August-1-212x300.png\" alt=\"\" width=\"212\" height=\"300\" srcset=\"https:\/\/ingelheim-aktiv.com\/wp-content\/uploads\/2026\/08\/DIN-A4-August-1-212x300.png 212w, https:\/\/ingelheim-aktiv.com\/wp-content\/uploads\/2026\/08\/DIN-A4-August-1-724x1024.png 724w, https:\/\/ingelheim-aktiv.com\/wp-content\/uploads\/2026\/08\/DIN-A4-August-1-768x1086.png 768w, https:\/\/ingelheim-aktiv.com\/wp-content\/uploads\/2026\/08\/DIN-A4-August-1-1086x1536.png 1086w, https:\/\/ingelheim-aktiv.com\/wp-content\/uploads\/2026\/08\/DIN-A4-August-1.png 1414w\" sizes=\"(max-width: 212px) 100vw, 212px\" \/><\/p>\n<p>Weitere Infos unter:\u00a0<a href=\"https:\/\/ingelheim-aktiv.com\/?page_id=279\">https:\/\/ingelheim-aktiv.com\/?page_id=279<\/a><\/p>\n<h2>\u00a0<\/h2>\n<h2><strong>N\u00e4chstes Ingelheimer Marktfr\u00fchst\u00fcck am 20.06.<\/strong><\/h2>\n<figure class=\"wp-block-image\"><img loading=\"lazy\" class=\"wp-image-1112\" src=\"https:\/\/ingelheim-aktiv.com\/wp-content\/uploads\/2026\/03\/Marktfruehstueck-IA-2026.jpg\" sizes=\"(max-width: 435px) 100vw, 435px\" srcset=\"https:\/\/ingelheim-aktiv.com\/wp-content\/uploads\/2026\/03\/Marktfruehstueck-IA-2026.jpg 435w, https:\/\/ingelheim-aktiv.com\/wp-content\/uploads\/2026\/03\/Marktfruehstueck-IA-2026-300x290.jpg 300w\" alt=\"\" width=\"435\" height=\"420\" \/><\/figure>\n<p>Weitere Infos unter:\u00a0<a href=\"https:\/\/ingelheim-aktiv.com\/?page_id=279\">https:\/\/ingelheim-aktiv.com\/?page_id=279<\/a><\/p>\n<p>\u00a0<\/p>\n<h2 id=\"block-29813547-dafc-4229-a91e-e3553480a06c\"><strong>Events im Juni in der Ingelheimer City<\/strong><\/h2>\n<p><img loading=\"lazy\" class=\"alignnone size-medium wp-image-1187\" src=\"https:\/\/ingelheim-aktiv.com\/wp-content\/uploads\/2026\/05\/Highlights-Innenstadt-Juni-Insta-240x300.jpg\" alt=\"\" width=\"240\" height=\"300\" srcset=\"https:\/\/ingelheim-aktiv.com\/wp-content\/uploads\/2026\/05\/Highlights-Innenstadt-Juni-Insta-240x300.jpg 240w, https:\/\/ingelheim-aktiv.com\/wp-content\/uploads\/2026\/05\/Highlights-Innenstadt-Juni-Insta-819x1024.jpg 819w, https:\/\/ingelheim-aktiv.com\/wp-content\/uploads\/2026\/05\/Highlights-Innenstadt-Juni-Insta-768x960.jpg 768w, https:\/\/ingelheim-aktiv.com\/wp-content\/uploads\/2026\/05\/Highlights-Innenstadt-Juni-Insta.jpg 1080w\" sizes=\"(max-width: 240px) 100vw, 240px\" \/><\/p>\n<p>Weitere Infos unter:\u00a0<a href=\"https:\/\/ingelheim-aktiv.com\/?page_id=279\">https:\/\/ingelheim-aktiv.com\/?page_id=279<\/a><\/p>\n<p>\u00a0<\/p>\n\n\n<\/p>\n<h2>Zum Ingelheimer Budenzauber werden noch B\u00fchnenacts gesucht!<\/h2>\n<p>\n\n\n\n<\/p>\n<p>\n\n\n<p><\/p>\n<p><img loading=\"lazy\" class=\"size-medium wp-image-1180\" src=\"https:\/\/ingelheim-aktiv.com\/wp-content\/uploads\/2026\/05\/Budenzauber-Act-Suche-1-300x163.jpg\" alt=\"\" width=\"300\" height=\"163\" srcset=\"https:\/\/ingelheim-aktiv.com\/wp-content\/uploads\/2026\/05\/Budenzauber-Act-Suche-1-300x163.jpg 300w, https:\/\/ingelheim-aktiv.com\/wp-content\/uploads\/2026\/05\/Budenzauber-Act-Suche-1-1024x555.jpg 1024w, https:\/\/ingelheim-aktiv.com\/wp-content\/uploads\/2026\/05\/Budenzauber-Act-Suche-1-768x416.jpg 768w, https:\/\/ingelheim-aktiv.com\/wp-content\/uploads\/2026\/05\/Budenzauber-Act-Suche-1.jpg 1166w\" sizes=\"(max-width: 300px) 100vw, 300px\" \/><\/p>\n<p>Weitere Infos unter: <a href=\"https:\/\/ingelheim-aktiv.com\/?page_id=279\">https:\/\/ingelheim-aktiv.com\/?page_id=279<\/a><\/p>\n<p><\/p>\n\n\n<\/p>\n<h2>\u00a0<\/h2>\n<h2><strong>Verkaufsoffener Sonntag zum Ingelheimer Halben gestrichen!<\/strong><\/h2>\n<p>\n\n\n\n<div class=\"wp-block-image\"><figure class=\"alignleft size-large\"><img src=\"https:\/\/ingelheim-aktiv.com\/wp-content\/uploads\/2026\/05\/Verkaufsoffener-Sonntag-2-256x300.jpg\" alt=\"\" class=\"wp-image-1159\"\/><\/figure><\/div>\n","protected":false},"excerpt":{"rendered":"<p>Ingelheim aktiv ist der Gewerbeverein von Ingelheim. Im Verein sind \u00fcber 100 Einzelh\u00e4ndler und Unternehmen zusammen geschlossen. Ziel des Vereins ist die Belebung der Innenstadt und ein harmonisches Miteinander. \u00a0 Aktuell \u00a0 N\u00e4chstes Ingelheimer Marktfr\u00fchst\u00fcck am 15.08. Weitere Infos unter:\u00a0https:\/\/ingelheim-aktiv.com\/?page_id=279 \u00a0 Wein in der City am 13.08. Weitere Infos unter:\u00a0https:\/\/ingelheim-aktiv.com\/?page_id=279 \u00a0 Events im August in [&hellip;]<\/p>\n","protected":false},"author":1,"featured_media":0,"parent":0,"menu_order":1,"comment_status":"closed","ping_status":"closed","template":"","meta":[],"_links":{"self":[{"href":"https:\/\/ingelheim-aktiv.com\/index.php?rest_route=\/wp\/v2\/pages\/42"}],"collection":[{"href":"https:\/\/ingelheim-aktiv.com\/index.php?rest_route=\/wp\/v2\/pages"}],"about":[{"href":"https:\/\/ingelheim-aktiv.com\/index.php?rest_route=\/wp\/v2\/types\/page"}],"author":[{"embeddable":true,"href":"https:\/\/ingelheim-aktiv.com\/index.php?rest_route=\/wp\/v2\/users\/1"}],"replies":[{"embeddable":true,"href":"https:\/\/ingelheim-aktiv.com\/index.php?rest_route=%2Fwp%2Fv2%2Fcomments&post=42"}],"version-history":[{"count":209,"href":"https:\/\/ingelheim-aktiv.com\/index.php?rest_route=\/wp\/v2\/pages\/42\/revisions"}],"predecessor-version":[{"id":1237,"href":"https:\/\/ingelheim-aktiv.com\/index.php?rest_route=\/wp\/v2\/pages\/42\/revisions\/1237"}],"wp:attachment":[{"href":"https:\/\/ingelheim-aktiv.com\/index.php?rest_route=%2Fwp%2Fv2%2Fmedia&parent=42"}],"curies":[{"name":"wp","href":"https:\/\/api.w.org\/{rel}","templated":true}]}}

<p><a href="https://ingelheim-aktiv.com/wp-admin/edit.php?post_type=page"></a></p>


<p><img loading="lazy" src="https://ingelheim-aktiv.com/wp-content/uploads/2016/07/vos-bahnhof-1.jpg" sizes="(max-width: 1378px) 100vw, 1378px" srcset="https://ingelheim-aktiv.com/wp-content/uploads/2016/07/vos-bahnhof-1.jpg 1378w, https://ingelheim-aktiv.com/wp-content/uploads/2016/07/vos-bahnhof-1-300x200.jpg 300w, https://ingelheim-aktiv.com/wp-content/uploads/2016/07/vos-bahnhof-1-768x511.jpg 768w, https://ingelheim-aktiv.com/wp-content/uploads/2016/07/vos-bahnhof-1-1024x681.jpg 1024w, https://ingelheim-aktiv.com/wp-content/uploads/2016/07/vos-bahnhof-1-750x500.jpg 750w" alt="" width="1378" height="917" /><br />Ingelheim aktiv ist der Gewerbeverein von Ingelheim. Im Verein sind über 100 Einzelhändler und Unternehmen zusammen geschlossen. Ziel des Vereins ist die Belebung der Innenstadt und ein harmonisches Miteinander.</p>
<h2> </h2>
<h2>Aktuell</h2>
<p> </p>
<h2><strong>Nächstes Ingelheimer Marktfrühstück am 15.08.</strong></h2>
<p><img loading="lazy" class="alignnone size-medium wp-image-1204" src="https://ingelheim-aktiv.com/wp-content/uploads/2026/08/IMG-20260622-WA0000-300x225.jpg" alt="" width="300" height="225" srcset="https://ingelheim-aktiv.com/wp-content/uploads/2026/08/IMG-20260622-WA0000-300x225.jpg 300w, https://ingelheim-aktiv.com/wp-content/uploads/2026/08/IMG-20260622-WA0000-1024x768.jpg 1024w, https://ingelheim-aktiv.com/wp-content/uploads/2026/08/IMG-20260622-WA0000-768x576.jpg 768w, https://ingelheim-aktiv.com/wp-content/uploads/2026/08/IMG-20260622-WA0000.jpg 1134w" sizes="(max-width: 300px) 100vw, 300px" /></p>
<p>Weitere Infos unter: <a href="https://ingelheim-aktiv.com/?page_id=279">https://ingelheim-aktiv.com/?page_id=279</a></p>
<p> </p>
<h2><strong>Wein in der City am 13.08.</strong></h2>
<p><img loading="lazy" class="alignnone size-medium wp-image-1234" src="https://ingelheim-aktiv.com/wp-content/uploads/2026/08/Piffchen-Pass-WeinWalk-300x295.jpg" alt="" width="300" height="295" srcset="https://ingelheim-aktiv.com/wp-content/uploads/2026/08/Piffchen-Pass-WeinWalk-300x295.jpg 300w, https://ingelheim-aktiv.com/wp-content/uploads/2026/08/Piffchen-Pass-WeinWalk-768x754.jpg 768w, https://ingelheim-aktiv.com/wp-content/uploads/2026/08/Piffchen-Pass-WeinWalk.jpg 1020w" sizes="(max-width: 300px) 100vw, 300px" /></p>
<p>Weitere Infos unter: <a href="https://ingelheim-aktiv.com/?page_id=279">https://ingelheim-aktiv.com/?page_id=279</a></p>
<p> </p>
<h2 id="block-29813547-dafc-4229-a91e-e3553480a06c"><strong>Events im August in der Ingelheimer City</strong></h2>
<p><img loading="lazy" class="alignnone size-medium wp-image-1206" src="https://ingelheim-aktiv.com/wp-content/uploads/2026/08/IMG-20260708-WA0009-1-212x300.jpg" alt="" width="212" height="300" srcset="https://ingelheim-aktiv.com/wp-content/uploads/2026/08/IMG-20260708-WA0009-1-212x300.jpg 212w, https://ingelheim-aktiv.com/wp-content/uploads/2026/08/IMG-20260708-WA0009-1-724x1024.jpg 724w, https://ingelheim-aktiv.com/wp-content/uploads/2026/08/IMG-20260708-WA0009-1-768x1086.jpg 768w, https://ingelheim-aktiv.com/wp-content/uploads/2026/08/IMG-20260708-WA0009-1-1086x1536.jpg 1086w, https://ingelheim-aktiv.com/wp-content/uploads/2026/08/IMG-20260708-WA0009-1.jpg 1414w" sizes="(max-width: 212px) 100vw, 212px" /></p>
<p>Weitere Infos unter: <a href="https://ingelheim-aktiv.com/?page_id=279">https://ingelheim-aktiv.com/?page_id=279</a></p>
<h2> </h2>
<h2 id="block-29813547-dafc-4229-a91e-e3553480a06c"><strong>Events im August in der Ingelheimer City</strong></h2>
<p><img loading="lazy" class="alignnone size-medium wp-image-1200" src="https://ingelheim-aktiv.com/wp-content/uploads/2026/08/DIN-A4-August-1-212x300.png" alt="" width="212" height="300" srcset="https://ingelheim-aktiv.com/wp-content/uploads/2026/08/DIN-A4-August-1-212x300.png 212w, https://ingelheim-aktiv.com/wp-content/uploads/2026/08/DIN-A4-August-1-724x1024.png 724w, https://ingelheim-aktiv.com/wp-content/uploads/2026/08/DIN-A4-August-1-768x1086.png 768w, https://ingelheim-aktiv.com/wp-content/uploads/2026/08/DIN-A4-August-1-1086x1536.png 1086w, https://ingelheim-aktiv.com/wp-content/uploads/2026/08/DIN-A4-August-1.png 1414w" sizes="(max-width: 212px) 100vw, 212px" /></p>
<p>Weitere Infos unter: <a href="https://ingelheim-aktiv.com/?page_id=279">https://ingelheim-aktiv.com/?page_id=279</a></p>
<h2> </h2>
<h2><strong>Nächstes Ingelheimer Marktfrühstück am 20.06.</strong></h2>
<figure class="wp-block-image"><img loading="lazy" class="wp-image-1112" src="https://ingelheim-aktiv.com/wp-content/uploads/2026/03/Marktfruehstueck-IA-2026.jpg" sizes="(max-width: 435px) 100vw, 435px" srcset="https://ingelheim-aktiv.com/wp-content/uploads/2026/03/Marktfruehstueck-IA-2026.jpg 435w, https://ingelheim-aktiv.com/wp-content/uploads/2026/03/Marktfruehstueck-IA-2026-300x290.jpg 300w" alt="" width="435" height="420" /></figure>
<p>Weitere Infos unter: <a href="https://ingelheim-aktiv.com/?page_id=279">https://ingelheim-aktiv.com/?page_id=279</a></p>
<p> </p>
<h2 id="block-29813547-dafc-4229-a91e-e3553480a06c"><strong>Events im Juni in der Ingelheimer City</strong></h2>
<p><img loading="lazy" class="alignnone size-medium wp-image-1187" src="https://ingelheim-aktiv.com/wp-content/uploads/2026/05/Highlights-Innenstadt-Juni-Insta-240x300.jpg" alt="" width="240" height="300" srcset="https://ingelheim-aktiv.com/wp-content/uploads/2026/05/Highlights-Innenstadt-Juni-Insta-240x300.jpg 240w, https://ingelheim-aktiv.com/wp-content/uploads/2026/05/Highlights-Innenstadt-Juni-Insta-819x1024.jpg 819w, https://ingelheim-aktiv.com/wp-content/uploads/2026/05/Highlights-Innenstadt-Juni-Insta-768x960.jpg 768w, https://ingelheim-aktiv.com/wp-content/uploads/2026/05/Highlights-Innenstadt-Juni-Insta.jpg 1080w" sizes="(max-width: 240px) 100vw, 240px" /></p>
<p>Weitere Infos unter: <a href="https://ingelheim-aktiv.com/?page_id=279">https://ingelheim-aktiv.com/?page_id=279</a></p>
<p> </p>


</p>
<h2>Zum Ingelheimer Budenzauber werden noch Bühnenacts gesucht!</h2>
<p>



</p>
<p>


<p></p>
<p><img loading="lazy" class="size-medium wp-image-1180" src="https://ingelheim-aktiv.com/wp-content/uploads/2026/05/Budenzauber-Act-Suche-1-300x163.jpg" alt="" width="300" height="163" srcset="https://ingelheim-aktiv.com/wp-content/uploads/2026/05/Budenzauber-Act-Suche-1-300x163.jpg 300w, https://ingelheim-aktiv.com/wp-content/uploads/2026/05/Budenzauber-Act-Suche-1-1024x555.jpg 1024w, https://ingelheim-aktiv.com/wp-content/uploads/2026/05/Budenzauber-Act-Suche-1-768x416.jpg 768w, https://ingelheim-aktiv.com/wp-content/uploads/2026/05/Budenzauber-Act-Suche-1.jpg 1166w" sizes="(max-width: 300px) 100vw, 300px" /></p>
<p>Weitere Infos unter: <a href="https://ingelheim-aktiv.com/?page_id=279">https://ingelheim-aktiv.com/?page_id=279</a></p>
<p></p>


</p>
<h2> </h2>
<h2><strong>Verkaufsoffener Sonntag zum Ingelheimer Halben gestrichen!</strong></h2>
<p>



<div class="wp-block-image"><figure class="alignleft size-large"><img src="https://ingelheim-aktiv.com/wp-content/uploads/2026/05/Verkaufsoffener-Sonntag-2-256x300.jpg" alt="" class="wp-image-1159"/></figure></div>

<p>Ingelheim aktiv ist der Gewerbeverein von Ingelheim. Im Verein sind über 100 Einzelhändler und Unternehmen zusammen geschlossen. Ziel des Vereins ist die Belebung der Innenstadt und ein harmonisches Miteinander.   Aktuell   Nächstes Ingelheimer Marktfrühstück am 15.08. Weitere Infos unter: https://ingelheim-aktiv.com/?page_id=279   Wein in der City am 13.08. Weitere Infos unter: https://ingelheim-aktiv.com/?page_id=279   Events im August in [&hellip;]</p>
